156
What is the remainder when 56751 is divided by 344?
335
Calculate the remainder when 126133 is divided by 15762.
37
What is the remainder when 1220 is divided by 15?
5
Calculate the remainder when 3598 is divided by 453.
427
What is the remainder when 2673 is divided by 521?
68
Calculate the remainder when 786 is divided by 758.
28
What is the remainder when 733 is divided by 208?
109
Calculate the remainder when 2219 is divided by 22.
19
Calculate the remainder when 23092 is divided by 7249.
1345
What is the remainder when 230582 is divided by 10025?
7
What is the remainder when 3622 is divided by 604?
602
What is the remainder when 251782 is divided by 154?
146
Calculate the remainder when 21724 is divided by 11.
10
Calculate the remainder when 334189 is divided by 5.
4
What is the remainder when 1968 is divided by 27?
24
What is the remainder when 527584 is divided by 30?
4
Calculate the remainder when 105811 is divided by 1556.
3
Calculate the remainder when 73625 is divided by 4598.
57
What is the remainder when 9202 is divided by 9182?
20
What is the remainder when 36698 is divided by 76?
66
What is the remainder when 122703 is divided by 401?
398
What is the remainder when 111274 is divided by 229?
209
What is the remainder when 5866 is divided by 83?
56
Calculate the remainder when 91916 is divided by 120.
116
Calculate the remainder when 16911 is divided by 256.
15
Calculate the remainder when 128477 is divided by 25.
2
What is the remainder when 318719 is divided by 31871?
9
What is the remainder when 946 is divided by 426?
94
What is the remainder when 160770 is divided by 13?
12
Calculate the remainder when 1333 is divided by 612.
109
What is the remainder when 130720 is divided by 280?
240
What is the remainder when 1766 is divided by 872?
22
Calculate the remainder when 18474 is divided by 132.
126
Calculate the remainder when 1861 is divided by 1860.
1
What is the remainder when 17204 is divided by 25?
4
What is the remainder when 9622 is divided by 1065?
37
What is the remainder when 56276 is divided by 331?
6
Calculate the remainder when 4293677 is divided by 16.
13
Calculate the remainder when 233579 is divided by 206.
181
Calculate the remainder when 31269 is divided by 298.
277
What is the remainder when 26693 is divided by 225?
143
Calculate the remainder when 2925 is divided by 183.
180
Calculate the remainder when 38667 is divided by 19287.
93
What is the remainder when 2493049 is divided by 17?
16
Calculate the remainder when 2506 is divided by 826.
28
Calculate the remainder when 30551 is divided by 3.
2
What is the remainder when 1177346 is divided by 167?
163
What is the remainder when 6878 is divided by 1169?
1033
What is the remainder when 2165 is divided by 1258?
907
Calculate the remainder when 172234 is divided by 56.
34
What is the remainder when 454277 is divided by 40?
37
What is the remainder when 10361 is divided by 314?
313
Calculate the remainder when 3691 is divided by 3677.
14
Calculate the remainder when 5900 is divided by 53.
17
Calculate the remainder when 9328 is divided by 183.
178
What is the remainder when 135527 is divided by 124?
119
Calculate the remainder when 2680 is divided by 515.
105
What is the remainder when 57395 is divided by 100?
95
What is the remainder when 3971 is divided by 1979?
13
What is the remainder when 1934 is divided by 57?
53
Calculate the remainder when 174047 is divided by 17403.
17
What is the remainder when 1030962 is divided by 3?
0
Calculate the remainder when 37396 is divided by 88.
84
Calculate the remainder when 53214 is divided by 1496.
854
What is the remainder when 38254 is divided by 12743?
25
Calculate the remainder when 20651 is divided by 45.
41
Calculate the remainder when 398550 is divided by 27.
3
Calculate the remainder when 5991 is divided by 65.
11
Calculate the remainder when 3246 is divided by 113.
82
What is the remainder when 104633 is divided by 8048?
9
What is the remainder when 10811 is divided by 113?
76
Calculate the remainder when 3954 is divided by 1096.
666
Calculate the remainder when 42305 is divided by 134.
95
What is the remainder when 4055 is divided by 343?
282
What is the remainder when 42714 is divided by 4744?
18
Calculate the remainder when 214990 is divided by 165.
160
Calculate the remainder when 37238 is divided by 3720.
38
Calculate the remainder when 10317885 is divided by 24.
21
What is the remainder when 22288 is divided by 76?
20
Calculate the remainder when 3750 is divided by 3746.
4
What is the remainder when 318391 is divided by 110?
51
Calculate the remainder when 3403 is divided by 74.
73
What is the remainder when 3697 is divided by 1232?
1
What is the remainder when 52649 is divided by 585?
584
What is the remainder when 2902 is divided by 85?
12
What is the remainder when 9635 is divided by 284?
263
Calculate the remainder when 959980 is divided by 802.
788
What is the remainder when 872557 is divided by 13?
10
Calculate the remainder when 16793 is divided by 1119.
8
What is the remainder when 8556 is divided by 275?
31
Calculate the remainder when 15776 is divided by 7879.
18
What is the remainder when 8560 is divided by 1419?
46
What is the remainder when 162246 is divided by 68?
66
What is the remainder when 3730 is divided by 712?
170
Calculate the remainder when 397151 is divided by 12.
11
Calculate the remainder when 35912 is divided by 1632.
8
What is the remainder when 23410 is divided by 86?
18
What is the remainder when 56856 is divided by 60?
36
Calculate the remainder when 5577 is divided by 923.
39
What is the remainder when 5753 is divided by 175?
153
Calculate the remainder when 37456 is divided by 69.
58
What is the remainder when 12381 is divided by 3082?
53
Calculate the remainder when 127412 is divided by 293.
250
Calculate the remainder when 35324 is divided by 785.
784
Calculate the remainder when 2222638 is divided by 48.
46
What is the remainder when 9339 is divided by 4597?
145
What is the remainder when 512 is divided by 498?
14
What is the remainder when 46901 is divided by 450?
101
What is the remainder when 7102001 is divided by 59?
53
What is the remainder when 124881 is divided by 187?
152
Calculate the remainder when 7350 is divided by 12.
6
What is the remainder when 1587 is divided by 107?
89
What is the remainder when 978 is divided by 330?
318
Calculate the remainder when 834205 is divided by 48.
13
Calculate the remainder when 2104 is divided by 689.
37
Calculate the remainder when 26069 is divided by 20.
9
What is the remainder when 4844 is divided by 2421?
2
Calculate the remainder when 26691 is divided by 13273.
145
Calculate the remainder when 169002 is divided by 162.
36
What is the remainder when 232472 is divided by 8?
0
Calculate the remainder when 48741 is divided by 48734.
7
What is the remainder when 16565 is divided by 437?
396
What is the remainder when 2608 is divided by 324?
16
What is the remainder when 1448 is divided by 47?
38
What is the remainder when 3603 is divided by 300?
3
Calculate the remainder when 22215 is divided by 3172.
11
What is the remainder when 872 is divided by 237?
161
Calculate the remainder when 103630 is divided by 6906.
40
What is the remainder when 31025 is divided by 10?
5
Calculate the remainder when 413352 is divided by 5.
2
What is the remainder when 24110 is divided by 14?
2
Calculate the remainder when 45475 is divided by 15.
10
What is the remainder when 1057 is divided by 359?
339
Calculate the remainder when 240 is divided by 55.
20
Calculate the remainder when 201577 is divided by 2458.
21
Calculate the remainder when 77171 is divided by 236.
235
What is the remainder when 49058 is divided by 102?
98
What is the remainder when 730931 is divided by 51?
50
What is the remainder when 2899807 is divided by 29?
10
What is the remainder when 8070 is divided by 424?
14
Calculate the remainder when 152891 is divided by 15.
11
What is the remainder when 99862 is divided by 19965?
37
Calculate the remainder when 2895 is divided by 703.
83
What is the remainder when 292075 is divided by 249?
247
What is the remainder when 1170 is divided by 13?
0
What is the remainder when 69097 is divided by 440?
17
Calculate the remainder wh